 Let k = p + -17. What is the tens digit of k?
1
Let g = -20 + 23. Suppose -o = 5*u - 223, -5*o + 38 = g*u - 87. What is the tens digit of u?
4
What is the tens digit of 2148/44 - (-6)/33?
4
Let i(y) = -y + 54. What is the units digit of i(23)?
1
Let g be 4/(-2) + (30 - -7). Suppose 5*f + 0*h - g = -5*h, -2*h - 6 = 0. What is the tens digit of f?
1
Suppose 3*r + r = -16. Let j be (-184)/(-18) - r/(-18). Let o = j + 2. What is the units digit of o?
2
What is the units digit of 20/3*(1 - -21 - 4)?
0
Suppose -4*x - y + 10 = 0, 13 = 3*x - 0*y - 2*y. Suppose x*u = -6 - 3. What is the units digit of (5 - 2)*(-8)/u?
8
Let p = 7 + -5. Let c(f) = -f - 3*f - 3 + 3*f**p + 4*f + 2*f. What is the units digit of c(2)?
3
Suppose 3*h = -h + 140. What is the tens digit of (-10)/h + 144/14?
1
Let a be 4 - (-7)/((-21)/6). What is the units digit of (6*a)/(39/26)?
8
Suppose 0 = -2*k + 15 - 3. Suppose 0*i = 2*i - k. What is the units digit of i?
3
What is the tens digit of 1046/6 + (-3)/9 + -4?
7
Let h = -3 - -2. Let r = h + 19. What is the tens digit of r?
1
Let k = 4 + -3. Let h(v) = 20*v**2 + 2*v - 2. What is the units digit of h(k)?
0
What is the units digit of (-12 - 1)*(-2 - 1)?
9
Suppose 3*q - 6 + 18 = n, -2*n + 5*q = -20. Suppose -4*y - 17 - 15 = n. What is the units digit of (-54)/y + 1/4?
7
What is the units digit of (4 - 6 - -43)*1?
1
What is the tens digit of 39 + ((-2)/3 - 77/(-21))?
4
Let c = -4 + 6. Let j be -1 - (c + (-12 - -1)). Suppose 4 + j = 2*m. What is the units digit of m?
6
Let m = 13 - 13. Let n = 13 + -7. Let w = m + n. What is the units digit of w?
6
Suppose -3*s + 5*y = 87, 155 = 3*s - 8*s + 5*y. Let l = s + 54. Suppose 0 = -2*a + 5*a + 9, l = 2*k + 2*a. What is the units digit of k?
3
What is the tens digit of (5 + -3)/(8/116)?
2
Let w = 131 + -63. What is the tens digit of w?
6
Let m = -7 - -4. Let o(z) = 4*z**2 + 2*z - 2. Let g be o(-2). What is the units digit of (-6)/g*(m - 12)?
9
Suppose -5*q - 3*u = -69, 3*q - 6*q - u + 39 = 0. What is the units digit of ((-99)/q)/((-3)/8)?
2
Suppose 2*o + 643 = o + c, 5*o = -2*c - 3236. What is the tens digit of 2/12 - o/12?
5
Let s = -18 + 18. Suppose -2*m - 3*m + 85 = 0. Suppose s*j = -j + m. What is the tens digit of j?
1
Let k = -13 - -18. Let v = -7 + k. Let t(g) = -3*g - 3. What is the units digit of t(v)?
3
Suppose 0 = 3*u - 2*y - 415, 2*y = 5*u - 0*y - 697. What is the units digit of u?
1
What is the tens digit of ((-32)/24)/(6/(-207))?
4
Suppose 0 = 4*s - 4 - 4. What is the units digit of s?
2
Suppose -2*o - q = -4*o - 5, 25 = -3*o + 5*q. Suppose -4*f + 5*f - 22 = o. What is the tens digit of f?
2
Suppose -28 = -3*y + o + 183, -75 = -y - 2*o. What is the units digit of y?
1
Let f = -91 - -128. Let d = f + 0. What is the units digit of d?
7
Suppose -111 = -5*k + a + 115, 4*a - 131 = -3*k. Suppose 3*x + 61 + 4 = 2*r, 4*x + k = r. What is the units digit of r?
5
Let n be (1 + -1)*(-1)/2. Suppose z + 3 = b, -z + n*z + 27 = 5*b. Suppose 15 = z*y - 1. What is the units digit of y?
8
What is the units digit of -5 - -126 - (0 + 2/2)?
0
Let k(h) = 6*h - 10. Suppose -4*r = 2*r - 36. What is the units digit of k(r)?
6
Suppose 0 = 5*d + 1 - 16, 0 = g - 5*d + 33. What is the tens digit of (g + 1)*(-2 - -1)?
1
Suppose -56 = a - 3*a + 3*b, -163 = -5*a - 4*b. What is the tens digit of a?
3
Let g = 41 - -49. What is the units digit of g?
0
Suppose 0 = 3*s - 13 - 23. What is the tens digit of s?
1
Let x be 17 + (-2 - -2 - -1). Suppose 72 = 4*z - 2*w, 2*w - x = -z - 0*z. What is the units digit of z?
8
Suppose -3*n = -4*n + 122. What is the tens digit of n?
2
Suppose 3*o + 18 = 90. What is the tens digit of o?
2
Let f = 178 + 4. What is the units digit of f?
2
Let a(k) = -k**3 + 5*k**2 - 2*k - 7. Let w(y) = 6*y**3 - 25*y**2 + 10*y + 35. Let f(x) = 11*a(x) + 2*w(x). Let l = 18 + -23. What is the units digit of f(l)?
3
Suppose 0 = j - 2*j + 18. Suppose 6*v - 3*u = 2*v - j, -4*v - 8 = 2*u. What is the units digit of ((-8)/v)/(2/6)?
8
Let p = -8 - -13. What is the units digit of p?
5
Suppose 2*u = -9 + 5. What is the units digit of ((-9)/u)/(3/4)?
6
Let p(c) = -c + 2. Let b be p(4). What is the tens digit of b/(-5) + (-1038)/(-30)?
3
Let z = -2 + 2. Suppose -2*y - 1 - 9 = 0. What is the units digit of z - (-1 + 2) - y?
4
What is the tens digit of (-962)/(-14) - 4/(-14)?
6
Suppose 0 = -3*d + 10 + 2. Let z = -1 - -9. Suppose d*a - 58 = -5*y, -2*y + a = -y - z. What is the tens digit of y?
1
Let l(b) = -b + 1. Let c be l(-11). Let r = c - 3. What is the units digit of r?
9
Suppose v = 3*k + 44, 5*k = -2*v + 135 - 47. What is the tens digit of v?
4
Suppose 3*a + 1 = 3*c + 7, -2*a - c = 2. Suppose -3*x = -a*x - 4*k + 16, 4*x + 11 = -5*k. Let s = 15 - x. What is the tens digit of s?
1
Suppose -3*u - p = -6*p + 42, -p - 6 = u. Suppose 0 = 4*f + 4 + 8. What is the units digit of -3*(0 - u)/f?
9
Let t = 28 + 2. What is the tens digit of t?
3
Let s(x) = -x**3 + 4*x**2 - x + 6. Let w be s(5). Let v = -55 + 92. Let g = w + v. What is the tens digit of g?
1
Let r(a) = -5*a + 2. Let k be r(2). Let d(s) = s**3 + 7*s**2 - 7*s + 10. Let m be d(k). Suppose p = -3, 0*v = m*v + 4*p - 6. What is the units digit of v?
9
Suppose -2*w - 3*c + 1 = -0, -2*w + 3*c = -7. Suppose 5*u - 8 = -3*f, w*f = 4*u + 41 + 1. What is the tens digit of f?
1
Let j be 4/22 - 1255/(-55). Suppose 5*k - 51 = -d, -2*d = -5*k + j + 40. Let p = k - 6. What is the units digit of p?
5
Let a = 25 - 18. Let v = 15 - a. What is the units digit of v?
8
Let a be 52 - (2 + -5 + 5). Let f = a + -22. What is the tens digit of f?
2
Suppose 0*u + u = 82. What is the tens digit of u?
8
Let c be 8*2 - (-2 - -3). What is the tens digit of (c/10)/(3/44)?
2
What is the units digit of 40/15*(-54)/(-4)?
6
Suppose -57 = -5*l + 53. What is the tens digit of l?
2
Let u(s) = 164*s - 1. What is the hundreds digit of u(1)?
1
Let k(n) be the second derivative of -n**5/20 - n**4/4 - n**3/2 - n**2/2 - 3*n. What is the units digit of k(-3)?
8
Let l = 26 - 37. Let g = l - -25. What is the tens digit of g?
1
Let z = 3 - -2. Suppose -z*t + 73 = 3*u + u, 0 = -u - 4*t + 32. Suppose 0 = 5*y - 7 + 2, 2*i + 4*y - u = 0. What is the units digit of i?
4
Let u = 9 + -9. Suppose u*v - 3*v = -33. What is the units digit of v?
1
Let x = 74 + -24. What is the units digit of x?
0
Let y = -12 - -17. Suppose -j + 5*p = j - 25, 0 = -y*p - 5. What is the tens digit of j?
1
Let h = 26 + -20. Let c be (0 - 6)*6/(-9). Suppose c*z - 73 = h*g - g, g = -z + 16. What is the units digit of z?
7
Suppose -4*c + 23 = -73. Let r = c + -14. What is the tens digit of r?
1
Let i(a) = -8 - 2*a + 0*a + a - 3*a. What is the tens digit of i(-7)?
2
Let p be -2*(1 + 1*-6). Suppose 40 + p = 5*i. What is the units digit of i?
0
Let z be 27/6*(2 - -2). Let o = -1 + z. What is the units digit of o?
7
Let z = 12 + -6. Suppose -z*t = -7*t + 11. What is the tens digit of t?
1
Let d = -1 + 7. Let c = d - 0. What is the units digit of (1 - 2)/((-1)/c)?
6
Let o(v) = 15*v**2 - 2. What is the tens digit of o(-3)?
3
Suppose z - 5*t = 24, -5*z + 0*z = 2*t - 93. Let r = -2 + z. What is the tens digit of r?
1
Let o be (-12)/10*80/(-6). Suppose k = 52 - o. What is the units digit of k?
6
Suppose -101 = -u - 36. Suppose -4*w + u = w. What is the units digit of w?
3
Suppose -3*b + 23 = -4*b - 5*w, 2*w = -5*b - 46. Let h(v) be the first derivative of -v**4/4 - 3*v**3 - 7*v**2/2 + 11*v + 2. What is the units digit of h(b)?
3
Let z = 13 - 13. Suppose 2*g - 25 + 5 = z. What is the units digit of g?
0
Let o(q) = q**3 - q**2 + 2*q**2 + 8 + 5 + 2. Let w be (0/4)/(2*-1). What is the tens digit of o(w)?
1
Let y(z) = z**3 + 16*z**2 + z + 16. What is the tens digit of y(-15)?
2
Let r(y) = -y**3 + 2*y**2 + 2*y + 1. Let p(v) = 2*v**2 + 6*v - 2. Let w be p(-3). What is the units digit of r(w)?
3
Let v = 0 - 4. What is the tens digit of (-2)/v + (-86)/(-4)?
2
Let s be 19/6 - (-2)/(-12). Suppose s*g = -x - g + 12, -4*x - g + 78 = 0. What is the tens digit of x?
2
Suppose 5*h - 22 = -2*y, -h - 3*y + 0*y = 6. Suppose -h + 1 = -v. Suppose 11 = v*r - 3*a, 2*r = -5*a + 5 + 18. What is the units digit of r?
4
Suppose 3*a - 3 - 9 = 0. Suppose -i - 2*i = 4*o - 27, -4*i + 8 = -a*o. Suppose o*h = -h + 28. What is the units digit of h?
7
Suppose -8 = 4*f + 4. What i